, what is 301 - -110?
1011
In base 15, what is -10 + e7?
d7
In base 6, what is 24 - 232?
-204
In base 11, what is -5 + 152?
148
In base 3, what is -12021 + 11?
-12010
In base 3, what is 11 - -20?
101
In base 11, what is -6 - -5?
-1
In base 6, what is -24 + 1315?
1251
In base 9, what is 3 - 6731?
-6727
In base 13, what is 7 + 22b?
235
In base 4, what is -11010 - 102?
-11112
In base 14, what is d8 - -1a?
114
In base 16, what is 2 + -1f?
-1d
In base 5, what is 3204 + 14?
3223
In base 11, what is 11 + -17?
-6
In base 8, what is -124 - 6?
-132
In base 15, what is -19 + 16?
-3
In base 11, what is -15 - -256?
241
In base 8, what is -1115 - 5?
-1122
In base 16, what is -6 - 164?
-16a
In base 8, what is -15645 + -3?
-15650
In base 3, what is -10110 + 110?
-10000
In base 7, what is 4 - -1521?
1525
In base 13, what is 97 - 5?
92
In base 2, what is 0 + 11100011?
11100011
In base 2, what is -100 - -1101001?
1100101
In base 13, what is 3 + -109?
-106
In base 5, what is -33 - -22?
-11
In base 11, what is -3 - 51?
-54
In base 10, what is -5 + -33?
-38
In base 11, what is -32 + -21?
-53
In base 14, what is -14 - -7?
-b
In base 6, what is -10 + 113?
103
In base 5, what is 104 - -11444?
12103
In base 3, what is -101000 - 1?
-101001
In base 8, what is 114 - 325?
-211
In base 14, what is -2b0 + -2?
-2b2
In base 15, what is 149 + -27?
122
In base 7, what is 3 + -11065?
-11062
In base 10, what is 4 + -96?
-92
In base 4, what is 3 + -233?
-230
In base 3, what is -12 - 12210?
-12222
In base 16, what is 95 - 2f?
66
In base 15, what is db + 2?
dd
In base 3, what is 22 - 22?
0
In base 7, what is -3 - -143?
140
In base 2, what is 1001011 + 1?
1001100
In base 12, what is -44 + 34?
-10
In base 16, what is 543 + 1?
544
In base 6, what is 5 + -2324?
-2315
In base 16, what is 21 + -6?
1b
In base 7, what is 10 - 0?
10
In base 3, what is 0 - -11210?
11210
In base 14, what is 3b4 + 10?
3c4
In base 16, what is -7b + 53?
-28
In base 3, what is 1002 - 1001?
1
In base 5, what is -3 + 141?
133
In base 10, what is 4 + -700?
-696
In base 14, what is 4 - -1480?
1484
In base 14, what is 5 - -112d?
1134
In base 11, what is -2a + -a?
-39
In base 3, what is -11 + -101022020?
-101022101
In base 5, what is -2 - -2242?
2240
In base 12, what is 8 - -b3?
bb
In base 4, what is -2 + -23232?
-23300
In base 8, what is -4360 - -5?
-4353
In base 12, what is -3 - 237?
-23a
In base 3, what is -10 + 2?
-1
In base 9, what is 2 - 2330?
-2327
In base 8, what is 2 - 127?
-125
In base 11, what is 0 + 56?
56
In base 7, what is 3 + 604?
610
In base 13, what is -369 + 2?
-367
In base 16, what is -1 - -66?
65
In base 5, what is 200304 - -10?
200314
In base 13, what is -40b - 5?
-413
In base 9, what is -3 - 88?
-102
In base 3, what is -12001 - -21?
-11210
In base 6, what is 114355 + -2?
114353
In base 15, what is -2 - -55?
53
In base 16, what is e + -8?
6
In base 5, what is -1004 + -10?
-1014
In base 8, what is -51 - -131?
60
In base 12, what is 49 - -9?
56
In base 2, what is 1000101110010 + 1?
1000101110011
In base 15, what is d4 + -20?
b4
In base 11, what is -25a + -6?
-265
In base 12, what is -1290 + -5?
-1295
In base 2, what is 101 + -1100?
-111
In base 15, what is 2 + -ce3?
-ce1
In base 16, what is 13 + -f?
4
In base 9, what is 5 - -4186?
4202
In base 2, what is 10 + -10100011?
-10100001
In base 7, what is -5 - 13?
-21
In base 9, what is 424 + -5?
418
In base 2, what is 10001101110010 + 101?
10001101110111
In base 7, what is -134 - -1063?
626
In base 14, what is -5 + 2?
-3
In base 16, what is 8 + 922?
92a
In base 12, what is 387 + -5?
382
In base 7, what is 22 + 16?
41
In base 14, what is 25 + 1?
26
In base 3, what is 2101 - 2202?
-101
In base 5, what is 43 + 0?
43
In base 7, what is -4 + 42?
35
In base 5, what is -23011 - 4?
-23020
In base 9, what is -3 + 460?
456
In base 14, what is 3d - 6?
37
In base 14, what is -5 - -70?
69
In base 15, what is 10c - 1?
10b
In base 3, what is 120111212 + -10?
120111202
In base 10, what is -1 + 1170?
1169
In base 11, what is 4 + 2421?
2425
In base 11, what is -1078 + 2?
-1076
In base 3, what is -111112122 + -12?
-111112211
In base 4, what is 20 - 2?
12
In base 6, what is 2324 - 2?
2322
In base 13, what is 23a - 3?
237
In base 11, what is 68 - 5?
63
In base 8, what is 0 - -3017?
3017
In base 16, what is 133a + 2?
133c
In base 12, what is -5 - 38bb?
-3904
In base 4, what is -3 - 110330?
-110333
In base 14, what is 3 + 379?
37c
In base 7, what is -102 + 363?
261
In base 8, what is 6 + 4?
12
In base 14, what is -53 + 44?
-d
In base 7, what is -6 + -1110?
-1116
In base 3, what is 2 - -1?
10
In base 3, what is -201 + -20?
-221
In base 12, what is a0 - -24?
104
In base 11, what is -584 - -3?
-581
In base 6, what is 4 + 35?
43
In base 16, what is -1849 - -4?
-1845
In base 12, what is -4 - -13?
b
In base 13, what is -2 + -33b4?
-33b6
In base 7, what is -2421 + -5?
-2426
In base 14, what is 8 + 3?
b
In base 8, what is -32700 - -2?
-32676
In base 6, what is 1 + 2422?
2423
In base 15, what is 4 + -73?
-6e
In base 10, what is -1 + 43?
42
In base 4, what is 12 - 101?
-23
In base 8, what is 5270 - 6?
5262
In base 12, what is 15659 - -3?
15660
In base 13, what is -4 - 12a?
-131
In base 9, what is 134 - -5?
140
In base 9, what is -401 + 3?
-387
In base 5, what is 4212 - -4?
4221
In base 2, what is -1011100 + -1110?
-1101010
In base 9, what is -1 + 605?
604
In base 13, what is 4 - -31c?
323
In base 5, what is -4221 + 0?
-4221
In base 10, what is -49 - 0?
-49
In base 14, what is -d1 + -2?
-d3
In base 12, what is -61 - 9?
-6a
In base 5, what is -2 - 4010?
-4012
In base 10, what is -17 + 17?
0
In base 7, what is -1664 - -5?
-1656
In base 13, what is -cc5 - -5?
-cc0
In base 16, what is -2c + 11?
-1b
In base 12, what is 0 + -b?
-b
In base 11, what is -5 - -598?
593
In base 10, what is 1 + 2?
3
In base 11, what is 6a - 3?
67
In base 4, what is -11 + 113?
102
In base 3, what is 122011 - -1?
122012
In base 2, what is -100000 - -1?
-11111
In base 13, what is -3c3 - -4?
-3bc
In base 16, what is -11 - b?
-1c
In base 9, what is 446 + -1?
445
In base 3, what is 12 - -10012212?
10020001
In base 5, what is 121 - 1?
120
In base 10, what is 1 - -1791?
1792
In base 16, what is 1f + -3?
1c
In base 6, what is -25404 - -5?
-25355
In base 12, what is 5 - 53?
-4a
In base 10, what is -4633 + 0?
-4633
In base 6, what is 20 - 2203?
-2143
In base 6, what is 354 + -41?
313
In base 14, what is c6 - 1?
c5
In base 12, what is 676 + -4?
672
In base 4, what is -121 + 10?
-111
In base 11, what is 1 + 214?
215
In base 12, what is 7b + -1?
7a
In base 3, what is 10001 + 101012?
111020
In base 7, what is -1 + -355?
-356
In base 13, what is -106 + 3?
-103
In base 11, what is -1 - 1aa?
-200
In base 5, what is 341 + -314?
22
In base 15, what is 5 - c6?
-c1
In base 3, what is -201 - 101002?
-101210
In base 15, what is 9 - -17?
21
In base 16, what is 19 - -8?
21
In base 14, what is 5 + 44?
49
In base 6, what is 115 - -52?
211
In base 5, what is 14 + -244?
-230
In base 13, what is -1a - -1b8?
19b
In base 12, what is -31 - 3?
-34
In base 4, what is 2130 - 23?
2101
In base 14, what is 128 + c?
136
In base 6, what is -41 + -325?
-410
In base 7, what is -1 - 2014?
-2015
In base 10, what is 4 - -541?
545
In base 6, what is 22 - -25?
51
In base 5, what is -11 - -31343?
31332
In base 10, what is 612 - 43?
569
In base 4, what is 2 - 10211?
-10203
In base 4, what is 10 + 22313?
22323
In base 6, what is 2 + -203?
-201
In base 5, what is -23 - -4?
-14
In base 12, what is -119 - 3?
-120
In base 7, what is 10 + -10?
0
In base 16, what is -5 - 5e1?
-5e6
In base 8, what is -3113 - -3?
-3110
In base 5, what is 1430 + -33?
1342
In base 10, what is -536 - -15?
-521
In base 7, what is -550 - -1?
-546
In base 6, what is 54225 - -4?
54233
In base 3, what is -1 - -202?
201
In base 10, what is 0 - -34?
34
In base 9, what is 2 - -763?
765
In base 11, what is -5 + -106?
-110
In base 16, what is -a + -34?
-3e
In base 2, what is 100001 + 1110?
101111
In base 3, what is 11 - 2112?
-2101
In base 3, what is 11 - 1212?
-1201
In base 8, what is -342 - -7?
-333
In base 9, what is -3 - -1302?
1288
In base 13, what is -a12 - -1?
-a11
In base 9, what is -16 + 20?
3
In base 9, what is -186 - 1?
-187
In base 5, what is 224 + 3?
232
In base 11, what is -21 - -13?
-9
In